 -10 - 4 = -2*q. Suppose -q*g + 24 = -3*g. What is the remainder when 138/8 + 16/(-64) is divided by g?
5
Calculate the remainder when ((4 + -3)*22 - -2) + -3 is divided by 15.
6
What is the remainder when 8 is divided by (36/15 - 8/20) + 4?
2
Let c(o) = -o**2 - 12*o - 10. Let u be c(-9). What is the remainder when 31 is divided by 1*(-3 - (3 - u))?
9
Suppose n = -4*h + 22, 16*h + 3*n - 12 = 13*h. What is the remainder when 41 is divided by h?
5
Suppose -4*w + w - 4*c = -72, w - 24 = -c. Calculate the remainder when 69 is divided by w.
21
Let g(u) = -u**2 - 15*u - 3. What is the remainder when 98 is divided by g(-12)?
32
Suppose 3*p - 171 - 483 = 0. What is the remainder when p is divided by 13?
10
Let a = -2 + 2. Suppose a = -2*g + 3 + 27. What is the remainder when 43 is divided by g?
13
Let s(g) = 8*g + 2. Calculate the remainder when s(5) is divided by 23.
19
Let c = 105 + -34. What is the remainder when c is divided by 36?
35
Let t = 2 - 1. Let d = -99 + 101. What is the remainder when d is divided by t?
0
Suppose 0 = 2*d - 21 + 1. Calculate the remainder when 29 is divided by d.
9
Suppose -2*a - 5*m - 23 = 0, 0 = 2*a - a - 4*m - 21. What is the remainder when a - (-30)/(1 + 2) is divided by 4?
3
Let u be -1 + 1 + (-21)/7. What is the remainder when (-1568)/(-24) - (-1)/u is divided by 22?
21
Let v = 91 - 10. What is the remainder when v is divided by 21?
18
Suppose 2*c = 23 + 1. What is the remainder when 46 is divided by c?
10
Let d = 5 - 1. Let j be 27/5 - d/10. Suppose -j*c + 4*u - 6*u + 67 = 0, 0 = 4*c - 3*u - 49. Calculate the remainder when c is divided by 7.
6
Let w(q) = -q + 8. Calculate the remainder when w(-6) is divided by 10.
4
Let d = 246 - 148. Calculate the remainder when d is divided by 25.
23
Suppose -4*j - 176 = 2*k + 3*k, 0 = 5*k - 3*j + 148. Let z = k + -22. Let g = 82 + z. What is the remainder when g is divided by 10?
8
Suppose 57 = 3*o - 3*m, -5*o = -2*o + 5*m - 97. Let c be -6*(-2 + 18/(-4)). Let q = c - o. Calculate the remainder when 43 is divided by q.
13
Let y = 7 - -1. What is the remainder when 2/(-6) - 70/(-3) is divided by y?
7
Suppose o + 3*o = 0. Suppose 4*c + 97 - 313 = o. What is the remainder when c is divided by 11?
10
Suppose 0 = a - 2 - 3. Suppose 7*n - 2*n + 86 = 4*f, a*n = -3*f + 47. What is the remainder when 37 is divided by f?
18
Let s(t) = t. Calculate the remainder when 2 - 7/((-21)/24) is divided by s(4).
2
Suppose 2*j = j + 3. Let x(a) = a + 8. Let p be x(-8). Suppose 3*z + g - 16 = -3*g, -z + 3*g + 14 = p. What is the remainder when z is divided by j?
2
Let s = -28 - -44. Suppose -19 = -c - 7. What is the remainder when s/c*(-66)/(-4) is divided by 8?
6
What is the remainder when 1494/15*50/20 is divided by 21?
18
Suppose n + m = -0*n + 6, 4*n = 3*m + 52. Calculate the remainder when 38 is divided by n.
8
Let d = -25 - -31. Calculate the remainder when 22 is divided by d.
4
Suppose 6*y - 8*y + 42 = 0. Suppose -6*b = -43 - 23. What is the remainder when y is divided by b?
10
Let g = 26 - -9. Calculate the remainder when g is divided by 12.
11
Let v = -84 + 203. What is the remainder when v is divided by 15?
14
Suppose 21 = 5*l - 4. Let v(x) = 2*x**2 - 5*x - 1. Calculate the remainder when v(l) is divided by 13.
11
Suppose 18*b - 19*b + 26 = 0. Suppose -b = -8*i + 6*i. Calculate the remainder when 48 is divided by i.
9
What is the remainder when (3/(-6) + 1)*74 is divided by 19?
18
Calculate the remainder when (14/(-4) - -4)*42 is divided by 8.
5
Let s(g) = -2*g**2 - 32*g + 3. Calculate the remainder when 159 is divided by s(-15).
27
Let y(g) = 3 - 2*g + g - 2*g**2 - 46*g**3 - 3. What is the remainder when y(-1) is divided by 23?
22
Let i be (-30)/(-1)*14/21. Suppose f = -f + i. What is the remainder when 15 + 1 - -2*1 is divided by f?
8
Let z = 47 - 113. What is the remainder when z/((-2 + 1)*1) is divided by 23?
20
Let y = 12 + 55. What is the remainder when y is divided by 18?
13
Let c = 0 - 9. What is the remainder when 13 is divided by (10/6)/((-3)/c)?
3
Let t(k) = k**3 + k - 43. Let d be t(0). Let v = -8 - d. What is the remainder when v is divided by 12?
11
Suppose 5*n + 2*k - 142 = 41, -4*n + 148 = 2*k. What is the remainder when n is divided by 18?
17
Let h = -70 + 78. Calculate the remainder when 23 is divided by h.
7
Suppose 5*w + 175 = 5*k, 0 = k + 4*w - 28 - 7. What is the remainder when 68 is divided by k?
33
Suppose 0 = -0*n - 2*n. Suppose -3*y - 3*j = n, -2 = -2*j + 2. Let d = y - -3. What is the remainder when d is divided by 1?
0
Let d = -5 - -20. Let k = 52 - d. What is the remainder when k is divided by 13?
11
Suppose -2*m + 3*y + 25 = 0, 0 = 4*m + 5*y + 6 - 1. Calculate the remainder when 4/(-14) - 1467/(-63) is divided by m.
3
What is the remainder when -2 + -1 - (1 - 60) is divided by 19?
18
Let z(s) be the third derivative of -11*s**4/12 + s**3/6 + 4*s**2. Let v be z(-1). Let c = v + 4. Calculate the remainder when c is divided by 7.
6
Suppose 5*s - 2*p - 38 = 157, 3*p = 5*s - 200. Let c = -1 + 14. Calculate the remainder when s is divided by c.
11
What is the remainder when (-413)/(-7) + (-1 + 1 - 4) is divided by 29?
26
Let j = -164 + 223. Calculate the remainder when j is divided by 10.
9
Suppose 2 + 13 = 3*j. Let y = 3 + j. Calculate the remainder when 31 is divided by y.
7
Suppose -v - 4*v + 130 = 0. What is the remainder when 154 is divided by v?
24
What is the remainder when 25 is divided by 1/((4 + -1)/42)?
11
Let a(s) = -3*s - 1 + 3 + s - 5. Calculate the remainder when 4 is divided by a(-3).
1
Suppose -6*a = -236 + 62. Calculate the remainder when 143 is divided by a.
27
Let m = 46 + -42. Let t = 8 + -6. Suppose 4*u = u + 6, 3*u = t*l + 2. Calculate the remainder when m is divided by l.
0
Suppose 0*n + 10 = 2*n. Let a(k) be the second derivative of -k**4/12 + k**3 + k**2 - 2*k. Calculate the remainder when 20 is divided by a(n).
6
Calculate the remainder when (-12)/(-20) + (-1 - (-276)/15) is divided by 5.
3
Let i(y) = 5*y - 7. Suppose 5*v + 3*x - 79 = -19, -60 = -5*v + 4*x. What is the remainder when i(6) is divided by v?
11
Let x = 3 + -1. Let q = 15 - 10. Calculate the remainder when (x/4)/(1/18) is divided by q.
4
Suppose -2*b - 2 + 12 = 0. Let c = 9 - b. Let g = c - 0. What is the remainder when g is divided by 3?
1
Let x = -15 - -26. Calculate the remainder when 28 is divided by x.
6
Let y = 20 + -6. Let j be (8/(-1))/(2/(-9)). Let u = j - y. Calculate the remainder when u is divided by 12.
10
Let w(h) = h + 0*h + 0*h + 1. Calculate the remainder when 15 is divided by w(7).
7
Let p(m) = -23*m - 4. Suppose 16 = 5*z - 559. Suppose 0 = -a + 2*t + 2*t + 29, -3*a + z = 2*t. Calculate the remainder when a is divided by p(-1).
18
Suppose -6*i = -50 - 160. What is the remainder when i is divided by 10?
5
Suppose 0 = 2*f - 2 - 0, -4*x + 87 = -5*f. Let q = x + -17. What is the remainder when 14 is divided by q?
2
Suppose -5*t = -k + 2*k - 44, -3*k + 32 = -5*t. What is the remainder when k is divided by 5?
4
Let r(m) = m**2 - 5*m + 5. Let f be r(4). Let o = 15 - f. Let i = 55 + -29. What is the remainder when i is divided by o?
12
What is the remainder when (-31 - -17)/((-4)/6) is divided by 12?
9
Suppose -3*c + 118 = 5*q, 2*q - 5 = q. Let m be 1/(2/6)*1. Suppose 2*g - m*g + 45 = 4*y, 3*y - 30 = 3*g. Calculate the remainder when c is divided by y.
9
Let t(c) be the second derivative of 7*c**3/6 - 2*c. Let i(q) = -112*q. Let j(l) = 4*i(l) + 63*t(l). Calculate the remainder when 19 is divided by j(-1).
5
Suppose -5*v + 312 = -v. Let r = -48 + 68. Calculate the remainder when v is divided by r.
18
Suppose 4*j - j = 0. Calculate the remainder when (11 - -3)*(j - -1) is divided by 1*(-1 - 4)*-1.
4
Suppose -6*j + 3*j = -279. Calculate the remainder when j is divided by 20.
13
Let n be 1*(-2*3)/3. What is the remainder when ((-48)/(-9))/((-2)/(-15)) is divided by (-1 - -17) + (-4 - n)?
12
Suppose j + r = 17, j = 4*r - r + 9. Suppose -o - j = -40. What is the remainder when o is divided by 14?
11
Let m = -14 - -24. Let g be 20 - (-4 - -4) - 1. Calculate the remainder when 4/(4/g)*2 is divided by m.
8
Let r be 9/(-6)*-2 - -6. Suppose f = -z - z + r, -5*z = f. What is the remainder when 28 is divided by f?
13
What is the remainder when 6 + 40 + 8/(-4) is divided by 1